alculate f(w).
4
Let h = 16 - 20. Let u(n) = -5*n - 26. Let o be u(h). Let t(v) = v**2 + 7*v + 2. Calculate t(o).
-4
Let a(y) be the third derivative of y**4/24 - y**3/6 - 23*y**2. Let k(n) = 5*n + 1. Let i(q) = 3*a(q) - k(q). Determine i(-7).
10
Let s(k) = 2*k**3 - 24*k**2 + 5*k - 21. Let i(l) = 3*l**3 - 36*l**2 + 8*l - 32. Let c(p) = 5*i(p) - 8*s(p). Determine c(12).
8
Let u(a) = a**3 - a + 1. Suppose -g - g - 2 = 0, -4*x = 4*g - 4. Suppose 6*v = x*v. Give u(v).
1
Let i(o) be the first derivative of 3*o**2/2 + 54*o + 77. What is i(-16)?
6
Let d(a) = -3*a**2 - a + 2. Let p(y) = -16*y**2 - 6*y + 11. Let f(j) = -11*d(j) + 2*p(j). Suppose -3*v + 2*v = 0. What is f(v)?
0
Let u(y) = 3*y + 12. Suppose w = -5, -4*n + 5*n - w = 0. Calculate u(n).
-3
Let c(r) = -r**2 - 7*r + 1. Let i(h) = -h**3 - 8*h**2 + 6*h - 14. Let u be i(-9). Let b = 6 - u. Determine c(b).
1
Let c(x) = -x**2 - 6*x + 3. Let o be (-4)/6 + (-5)/(-3). Let l be (-7)/((-28)/16)*o. Let q be (l + -6)*5/2. Calculate c(q).
8
Let g(x) be the third derivative of -5*x**4/24 - 879*x**2. Calculate g(-4).
20
Let i = -11 + 14. Suppose -2*j = -3*j + i. Suppose -4*n + 18 = 3*w, j*n + 4*w - 1 = 9. Let d(a) = -a**2 + 6*a + 6. Give d(n).
6
Let w(f) be the second derivative of -f**4/12 - 35*f**2/2 + 11*f - 3. Give w(0).
-35
Let w(y) = -y**2 + 8*y + 4. Suppose -5*z + 47 + 18 = -4*f, 0 = -3*z + 4*f + 47. Calculate w(z).
-5
Let a(q) = -14 + 48 + 13*q + 3*q**2 - 2*q**2. Let h be a(-10). Let u(v) = -v**3 + 3*v**2 + 3*v + 4. Calculate u(h).
0
Let x be -3*(-1)/((-9)/6). Let k(v) = 15*v - 25. Let r(g) = -3*g + 5. Let z(l) = x*k(l) - 11*r(l). Calculate z(4).
7
Let s(k) = 2*k**2 + 9*k - 12. Suppose -17*c - 57 = 28. Give s(c).
-7
Let q = -18 - -20. Let b(w) = -3*w - q + 3 - 2*w + w**2 + 2. What is b(3)?
-3
Let s(h) = h + 49 + 38 - 113. Let v(z) = z**2 + 7*z - 8. Let p be v(-8). Determine s(p).
-26
Let d(o) = o**3 + 9*o**2 + 7*o - 7. Let q be d(-8). Let k(a) = a**2 + 7*a + 1. Let x(r) = r - 1. Let v(u) = q*x(u) - k(u). Calculate v(-6).
-2
Let v(y) = y**3 + 7*y**2 + 3*y + 1. Suppose -2*l + x - 19 = 0, 22*l - 19*l + 4*x = -1. Determine v(l).
-20
Let h(f) be the third derivative of -4*f**2 + 0 + 0*f + 1/12*f**4 - 1/6*f**3. Let r = 4 + -5. Give h(r).
-3
Let i(p) = -p**3 + 4*p**2 + 14*p - 5. Let f = 1051 + -1045. Give i(f).
7
Let s = -360 + 370. Let v(c) = c**2 - 13*c + 16. What is v(s)?
-14
Let a = 28 - 28. Let y(b) = -3*b + 4. Let m be y(a). Let t be (0 + m)*(-9)/(-9). Let q(z) = -z**3 + 3*z**2 + 5*z - 3. Calculate q(t).
1
Let s be 5/2 + 23/46. Let k(p) = 20*p - 8 + p**s - 43*p + 22*p. Let n(o) = -o**3 + o**2 + 3*o - 2. Let r be n(2). What is k(r)?
-8
Suppose -21*k + 135 = -54. Let u(i) = 2 - 2*i + 9*i**2 + 2 - i**3 + 2. Determine u(k).
-12
Let a(v) = -3*v**3 - 30*v**2 - 4*v + 7. Let z(h) = h**3 + 6*h**2 + h - 1. Let l(q) = a(q) + 4*z(q). Calculate l(4).
-29
Let t = -6 + 6. Suppose -3*k - 4*k - 28 = t. Let s(m) = -m - 4. Calculate s(k).
0
Let c = -757 + 764. Let p(z) = -z**3 + 7*z**2 + 2*z - 11. Give p(c).
3
Let s = 109 - 109. Let z(v) be the third derivative of 0*v - 1/60*v**5 + v**3 - 1/8*v**4 + s + 2*v**2. Determine z(-5).
-4
Let k(t) = 4*t + 3*t - 6*t**2 - 4 - 4*t**2 + 9*t**2. Let y = -3 - -8. Give k(y).
6
Let j(v) = -4*v - 39*v**2 - 3*v - 14 + 48*v**2 - v**3 + 18*v. Calculate j(10).
-4
Let i(k) = 6*k**2 - 4*k**2 - 1 + 0*k + 2*k**2 + k. Let y be 2*((-17)/(-26) + (-10)/65). Calculate i(y).
4
Let o(x) = x**3 + 2*x**2 + 2*x - 1. Let t(h) = h**2 - 5*h + 4. Let v be t(4). Let s be 24/(-10) + 4/10. Let f be ((v - -2)*2)/s. Give o(f).
-5
Let y(d) be the third derivative of d**5/30 + 7*d**4/24 + 5*d**3/6 + 20*d**2. Suppose 0*a - 16 = 4*a. What is y(a)?
9
Let d(l) = -7*l**3 - l**2 + 3*l. Let o(c) = 4*c**3 + c**2 - 2*c. Let g(k) = -3*d(k) - 5*o(k). Calculate g(1).
0
Let m(z) = z + 9. Let d(i) = 2*i + 19. Suppose -116 + 92 = 6*r. Let f be 1/2 + (-34)/(-4). Let g(l) = f*m(l) + r*d(l). Calculate g(5).
10
Let n(j) be the second derivative of j**5/20 + j**4/6 - j**3/6 - 3*j**2/2 + 9*j - 3. Calculate n(2).
11
Suppose 3*h = -o + 19, -2*o - h = 10 - 38. Let b(j) = j**3 - 12*j**2 - 12*j - 9. Determine b(o).
4
Let f(x) be the first derivative of -x**6/120 + x**5/10 - x**4/6 - x**3/2 + 37*x**2/2 + 42. Let u(p) be the second derivative of f(p). What is u(4)?
13
Suppose 0 = -3*n - 27 + 30. Suppose n = -2*q + 3*w + 4, -5*q = 2*w + 2. Let z(t) = -t**2 - 8. Determine z(q).
-8
Let k(x) = -x**2 - 7*x - 11. Suppose -5*o + 6*z = 9*z + 34, 0 = -3*o + 2*z - 9. Give k(o).
-1
Let p(b) = 2*b - 1 - 4*b + 11 + b. Calculate p(3).
7
Let x(g) = 41 + 273*g**2 + 4*g + g**3 - 279*g**2 - 42. Give x(3).
-16
Let y(u) = u**2 - 3*u + 1. Let p(t) = t**2 - 8*t + 1. Let c(b) = p(b) - 3*y(b). Determine c(1).
-3
Suppose 4*i + 2*r = 20, r + 3*r - 8 = 0. Let u(j) = 16 - 9 - i + j. What is u(-6)?
-3
Let c(v) be the third derivative of -v**4/8 + 4*v**3/3 + 146*v**2. Give c(4).
-4
Let j be (-8)/(-66) + 30/55. Let l(t) be the third derivative of 2*t**2 + 1/60*t**5 + 0*t - 1/120*t**6 - j*t**3 + 0 - 1/24*t**4. Give l(0).
-4
Let y(m) be the second derivative of 1/30*m**5 + 0 - 1/120*m**6 - m**2 + 0*m**4 - 3*m - 1/6*m**3. Let o(p) be the first derivative of y(p). Calculate o(1).
0
Let s = 61 - 58. Let z(u) = 1 + s*u**3 - 4*u**3 - 3*u**2 + 27*u - 28*u. What is z(-2)?
-1
Let z = -15 - -19. Let w(t) = t**2 - 4*t - 4. Calculate w(z).
-4
Let p(v) = v - 2. Let l be p(4). Suppose -5 = l*d - d. Let b(z) be the third derivative of -z**6/120 - z**5/12 + 7*z**3/6 - 2*z**2. What is b(d)?
7
Suppose 11*f - 15*f + 32 = 0. Let z be (-6 + f)*(1 + 1 - 0). Let s(g) = -g + 5. What is s(z)?
1
Let k = 12 - 8. Suppose -a - 8 = f - 3*a, 2*a - 18 = -k*f. Let g(m) = 3 - 3 + m - m**f + 8. What is g(0)?
8
Let p(d) = d + 6. Suppose 0 = -5*f + 2*g + g - 57, 4*g + 29 = -5*f. Give p(f).
-3
Suppose 3*v - 8*v = 0. Suppose -7*l + 11 - 4 = v. Let p(r) = 6*r**2 + r - 1. Determine p(l).
6
Let j = 72 - 64. Let x(q) = j*q**2 - 10*q**2 + 3*q**2 - 8*q + 6. Determine x(7).
-1
Let x be (5 - 0)/((-15)/30). Let m(h) = h**2 + 12*h + 24. Determine m(x).
4
Let b(y) = -83*y - 72*y - y**2 - 2 + 162*y. Let w(x) = -x**2 + 7*x - 2. Let m(f) = 7*b(f) - 6*w(f). What is m(6)?
4
Suppose -2*m - 5*b = -41, 2*m - 36 = -3*b - 1. Let i(l) = -9*l + 9*l**2 + l**3 - 3*l**2 - m*l**2. Determine i(8).
-8
Suppose 2*b - 2*v = 0, 0*b + v = 4*b + 6. Let n(f) be the third derivative of -f**5/60 - f**4/24 + 10*f**2. Give n(b).
-2
Let f be 2 + -7 - 11/11. Let u(a) = -a**3 - 5*a**2 + 2*a + 3. Determine u(f).
27
Let l(b) = -3*b + 3. Let i be 16/(-10)*(200/16 - 10). Determine l(i).
15
Let b(a) = 9*a**2 - 2*a + 1. Let i be (0 - (0 + -4))*(-10)/(-40). Give b(i).
8
Let x(j) = 2*j**2 + 2*j + 5. Let z = 1610 - 1614. Calculate x(z).
29
Let n(b) be the third derivative of -b**5/60 + 7*b**4/24 - 11*b**3/6 - b**2. Let w be n(5). Let l(f) = f**2 + 2*f**3 + 3 + 5*f**3 - 4. Give l(w).
-7
Let j(y) = -y**3 + 2*y**2 - 2*y - 3. Let f = 1528 - 1524. Determine j(f).
-43
Let a(l) = 2*l**2 + 34*l. Let y be a(-17). Suppose y = -9*p + 10 + 8. Let q(v) be the third derivative of v**5/30 - v**4/12 - v**3/6 - v**2. Give q(p).
3
Suppose 0 = 2*h + 2*c - 7 - 1, 4*h = 5*c + 34. Suppose r - h = 4*r. Let f be r/(-9) + 20/(-90). Let g(z) = z**2 - z - 3. What is g(f)?
-3
Let f(y) = -y**3 - 6*y**2 - 8*y + 2. Let j be (-32)/8 + (5 - (2 + 3)). Calculate f(j).
2
Let d(h) = h**2 - h + 4. Let n be d(0). Suppose 0 = -l + 4*m + 15, -l - 21 = -3*l - m. Let a(k) = 1 + 6 - l - 2*k. What is a(n)?
-12
Let c(x) = 16*x - 10. Let y(t) = -5*t + 3. Let b(m) = 2*c(m) + 7*y(m). Let f be ((-1)/(-2))/((-707)/(-236) + -3). Let r = f + 119. Determine b(r).
-2
Let o(x) be the first derivative of 3*x**4/4 + 5*x**2/2 + 4*x - 546. What is o(-1)?
-4
Suppose -12 = -3*n - 3*q, 16 = 4*n - q - 0*q. Suppose -n*z = 2*p - 34, p - 15 = -2*p. Suppose 0 = -z*b + 2*b - 8. Let k(s) = -5*s + 2. What is k(b)?
12
Let a(v) = 3 - 9 + 2 - 3 + 4*v - 2. Determine a(6).
15
Let q(r) = -2*r - 3. Suppose 5*f = -2*z + 20, 0 = -13*f + 16*f - 3*z - 12. Give q(f).
-11
Suppose 2*y - y = -4. Let t(q) = 80*q**2 + 1 + 6*q + 7 - 3 - 79*q**2. Give t(y).
-3
Let o(u) be the first derivative of -u**3/3 + 7*u**2/2 + 16*u - 83. Determine o(11).
-28
Let x(f) = 5 - f + 4*f - f. Let q = -31 + 31. Suppose q = 4*r - 2*m + 8, 0*m + m = -4*r - 20. Calcu